is the remainder when 63 is divided by 56?
7
Calculate the remainder when 110 is divided by 47.
16
What is the remainder when 279 is divided by 14?
13
What is the remainder when 303 is divided by 1?
0
Calculate the remainder when 78 is divided by 15.
3
What is the remainder when 613 is divided by 132?
85
Calculate the remainder when 282 is divided by 35.
2
Calculate the remainder when 2132 is divided by 25.
7
What is the remainder when 229 is divided by 85?
59
What is the remainder when 251 is divided by 33?
20
What is the remainder when 365 is divided by 59?
11
Calculate the remainder when 173 is divided by 87.
86
What is the remainder when 572 is divided by 234?
104
What is the remainder when 754 is divided by 21?
19
Calculate the remainder when 130 is divided by 15.
10
Calculate the remainder when 2876 is divided by 71.
36
What is the remainder when 101 is divided by 36?
29
What is the remainder when 94 is divided by 13?
3
Calculate the remainder when 881 is divided by 13.
10
Calculate the remainder when 32 is divided by 30.
2
Calculate the remainder when 141 is divided by 4.
1
Calculate the remainder when 3231 is divided by 21.
18
Calculate the remainder when 475 is divided by 120.
115
Calculate the remainder when 9659 is divided by 23.
22
What is the remainder when 2940 is divided by 51?
33
What is the remainder when 95 is divided by 12?
11
What is the remainder when 74407 is divided by 10?
7
Calculate the remainder when 330 is divided by 29.
11
Calculate the remainder when 926 is divided by 30.
26
What is the remainder when 920 is divided by 117?
101
What is the remainder when 443 is divided by 32?
27
What is the remainder when 482 is divided by 23?
22
What is the remainder when 572 is divided by 53?
42
Calculate the remainder when 450 is divided by 38.
32
Calculate the remainder when 2069 is divided by 45.
44
What is the remainder when 297 is divided by 103?
91
Calculate the remainder when 551 is divided by 23.
22
What is the remainder when 75 is divided by 27?
21
Calculate the remainder when 2467 is divided by 12.
7
What is the remainder when 1779 is divided by 13?
11
What is the remainder when 587 is divided by 234?
119
What is the remainder when 428 is divided by 39?
38
Calculate the remainder when 140 is divided by 13.
10
Calculate the remainder when 120 is divided by 11.
10
What is the remainder when 321 is divided by 46?
45
What is the remainder when 3957 is divided by 110?
107
What is the remainder when 508 is divided by 45?
13
Calculate the remainder when 781 is divided by 29.
27
What is the remainder when 590 is divided by 16?
14
What is the remainder when 446 is divided by 11?
6
What is the remainder when 3522 is divided by 82?
78
What is the remainder when 75 is divided by 41?
34
What is the remainder when 42 is divided by 33?
9
Calculate the remainder when 7006 is divided by 3498.
10
Calculate the remainder when 7369 is divided by 49.
19
Calculate the remainder when 692 is divided by 11.
10
Calculate the remainder when 123 is divided by 3.
0
What is the remainder when 77 is divided by 47?
30
What is the remainder when 315 is divided by 32?
27
Calculate the remainder when 1240 is divided by 399.
43
What is the remainder when 3397 is divided by 33?
31
What is the remainder when 21426 is divided by 188?
182
Calculate the remainder when 55 is divided by 47.
8
Calculate the remainder when 411 is divided by 60.
51
Calculate the remainder when 1384 is divided by 460.
4
What is the remainder when 4642 is divided by 155?
147
What is the remainder when 845 is divided by 798?
47
What is the remainder when 43 is divided by 16?
11
What is the remainder when 26 is divided by 12?
2
Calculate the remainder when 251 is divided by 23.
21
What is the remainder when 11777 is divided by 155?
152
Calculate the remainder when 1402 is divided by 39.
37
Calculate the remainder when 99 is divided by 34.
31
Calculate the remainder when 1029 is divided by 103.
102
Calculate the remainder when 93 is divided by 12.
9
What is the remainder when 165 is divided by 7?
4
Calculate the remainder when 29 is divided by 5.
4
Calculate the remainder when 851 is divided by 64.
19
Calculate the remainder when 71 is divided by 20.
11
Calculate the remainder when 237 is divided by 20.
17
What is the remainder when 184 is divided by 62?
60
What is the remainder when 319 is divided by 78?
7
What is the remainder when 2366 is divided by 74?
72
What is the remainder when 999 is divided by 125?
124
Calculate the remainder when 186 is divided by 75.
36
What is the remainder when 1535 is divided by 95?
15
Calculate the remainder when 412 is divided by 124.
40
Calculate the remainder when 263 is divided by 63.
11
Calculate the remainder when 703 is divided by 11.
10
What is the remainder when 233 is divided by 24?
17
Calculate the remainder when 53 is divided by 12.
5
Calculate the remainder when 1645 is divided by 66.
61
What is the remainder when 1353 is divided by 23?
19
Calculate the remainder when 805 is divided by 259.
28
What is the remainder when 213 is divided by 96?
21
Calculate the remainder when 9644 is divided by 182.
180
Calculate the remainder when 31963 is divided by 230.
223
Calculate the remainder when 1871 is divided by 75.
71
What is the remainder when 2066 is divided by 13?
12
Calculate the remainder when 23 is divided by 23.
0
Calculate the remainder when 637 is divided by 71.
69
Calculate the remainder when 135 is divided by 60.
15
What is the remainder when 4879 is divided by 73?
61
Calculate the remainder when 666 is divided by 161.
22
What is the remainder when 1687 is divided by 26?
23
What is the remainder when 30188 is divided by 227?
224
What is the remainder when 178 is divided by 21?
10
Calculate the remainder when 792 is divided by 20.
12
Calculate the remainder when 136 is divided by 46.
44
What is the remainder when 1088 is divided by 139?
115
What is the remainder when 154 is divided by 48?
10
What is the remainder when 4222 is divided by 77?
64
What is the remainder when 2033 is divided by 11?
9
Calculate the remainder when 1641 is divided by 31.
29
What is the remainder when 639 is divided by 184?
87
What is the remainder when 576 is divided by 20?
16
Calculate the remainder when 568 is divided by 8.
0
What is the remainder when 6686 is divided by 76?
74
What is the remainder when 8561 is divided by 949?
20
Calculate the remainder when 152 is divided by 12.
8
Calculate the remainder when 177 is divided by 26.
21
Calculate the remainder when 53 is divided by 13.
1
What is the remainder when 39 is divided by 5?
4
What is the remainder when 1254 is divided by 159?
141
What is the remainder when 241 is divided by 115?
11
What is the remainder when 31353 is divided by 257?
256
Calculate the remainder when 265 is divided by 21.
13
What is the remainder when 322 is divided by 93?
43
Calculate the remainder when 86 is divided by 25.
11
What is the remainder when 921 is divided by 29?
22
Calculate the remainder when 200 is divided by 67.
66
What is the remainder when 159 is divided by 14?
5
What is the remainder when 1592 is divided by 9?
8
Calculate the remainder when 597 is divided by 7.
2
What is the remainder when 418 is divided by 106?
100
Calculate the remainder when 419 is divided by 60.
59
Calculate the remainder when 409 is divided by 134.
7
What is the remainder when 300 is divided by 300?
0
What is the remainder when 670 is divided by 86?
68
What is the remainder when 358 is divided by 90?
88
What is the remainder when 281 is divided by 74?
59
What is the remainder when 4355 is divided by 3?
2
Calculate the remainder when 302 is divided by 8.
6
What is the remainder when 357 is divided by 30?
27
Calculate the remainder when 221 is divided by 77.
67
Calculate the remainder when 237 is divided by 20.
17
Calculate the remainder when 294 is divided by 71.
10
What is the remainder when 394 is divided by 18?
16
Calculate the remainder when 560 is divided by 12.
8
Calculate the remainder when 957 is divided by 407.
143
Calculate the remainder when 290 is divided by 206.
84
Calculate the remainder when 758 is divided by 44.
10
What is the remainder when 232 is divided by 80?
72
Calculate the remainder when 130 is divided by 38.
16
What is 